{"id":18,"date":"2023-10-13T22:21:47","date_gmt":"2023-10-13T20:21:47","guid":{"rendered":"https:\/\/drgiovannilara.com\/?page_id=18"},"modified":"2024-07-01T16:57:02","modified_gmt":"2024-07-01T22:57:02","slug":"biografia","status":"publish","type":"page","link":"https:\/\/drgiovannilara.com\/index.php\/biografia\/","title":{"rendered":"Biograf\u00eda"},"content":{"rendered":"<p>[et_pb_section fb_built=\u00bb1&#8243; fullwidth=\u00bbon\u00bb _builder_version=\u00bb4.22.2&#8243; _module_preset=\u00bbdefault\u00bb background_image=\u00bbhttps:\/\/drgiovannilara.com\/wp-content\/uploads\/2023\/11\/Webpage-Biografia-4.png\u00bb parallax=\u00bbon\u00bb height=\u00bb17rem\u00bb global_colors_info=\u00bb{}\u00bb][et_pb_fullwidth_post_title meta=\u00bboff\u00bb text_color=\u00bblight\u00bb _builder_version=\u00bb4.22.2&#8243; _module_preset=\u00bbdefault\u00bb title_font=\u00bbMontserrat|700||on|||||\u00bb title_text_align=\u00bbcenter\u00bb title_font_size=\u00bb30px\u00bb title_letter_spacing=\u00bb2px\u00bb text_orientation=\u00bbcenter\u00bb custom_margin=\u00bb||||false|false\u00bb custom_padding=\u00bb118px||||false|false\u00bb text_shadow_style=\u00bbpreset3&#8243; text_shadow_vertical_length=\u00bb-0.01em\u00bb text_shadow_blur_strength=\u00bb0.31em\u00bb global_colors_info=\u00bb{}\u00bb][\/et_pb_fullwidth_post_title][\/et_pb_section][et_pb_section fb_built=\u00bb1&#8243; specialty=\u00bbon\u00bb _builder_version=\u00bb4.22.2&#8243; _module_preset=\u00bbdefault\u00bb global_colors_info=\u00bb{}\u00bb][et_pb_column type=\u00bb1_2&#8243; _builder_version=\u00bb4.16&#8243; custom_padding=\u00bb|||\u00bb global_colors_info=\u00bb{}\u00bb custom_padding__hover=\u00bb|||\u00bb][et_pb_blurb _builder_version=\u00bb4.22.2&#8243; _module_preset=\u00bbdefault\u00bb background_color=\u00bb#efefef\u00bb background_image=\u00bbhttps:\/\/drgiovannilara.com\/wp-content\/uploads\/2023\/12\/Webpage-Biografia-5-1.png\u00bb width=\u00bb100%\u00bb min_height=\u00bb350px\u00bb min_height_tablet=\u00bb350px\u00bb min_height_phone=\u00bb250px\u00bb min_height_last_edited=\u00bbon|tablet\u00bb custom_margin=\u00bb15px|15px|15px|15px|false|false\u00bb border_width_all=\u00bb15px\u00bb border_color_all=\u00bb#efefef\u00bb global_colors_info=\u00bb{}\u00bb][\/et_pb_blurb][\/et_pb_column][et_pb_column type=\u00bb1_2&#8243; specialty_columns=\u00bb2&#8243; _builder_version=\u00bb4.16&#8243; custom_padding=\u00bb|||\u00bb global_colors_info=\u00bb{}\u00bb custom_padding__hover=\u00bb|||\u00bb][et_pb_row_inner custom_padding_last_edited=\u00bbon|phone\u00bb _builder_version=\u00bb4.22.2&#8243; _module_preset=\u00bbdefault\u00bb custom_padding=\u00bb35px|||||\u00bb custom_padding_tablet=\u00bb0px||||false|false\u00bb custom_padding_phone=\u00bb0px||||false|false\u00bb animation_style=\u00bbzoom\u00bb animation_duration=\u00bb200ms\u00bb animation_delay=\u00bb50ms\u00bb animation_intensity_zoom=\u00bb6%\u00bb animation_starting_opacity=\u00bb2%\u00bb animation_speed_curve=\u00bbease-in\u00bb global_colors_info=\u00bb{}\u00bb][et_pb_column_inner saved_specialty_column_type=\u00bb1_2&#8243; _builder_version=\u00bb4.22.2&#8243; _module_preset=\u00bbdefault\u00bb global_colors_info=\u00bb{}\u00bb][et_pb_heading title=\u00bbDr. Giovanni Lara\u00bb _builder_version=\u00bb4.22.2&#8243; _module_preset=\u00bbdefault\u00bb title_font=\u00bbMontserrat|800||on|||||\u00bb title_text_align=\u00bbcenter\u00bb title_text_color=\u00bb#3374AF\u00bb title_letter_spacing=\u00bb2px\u00bb title_line_height=\u00bb1.1em\u00bb custom_margin=\u00bb||-29px|||\u00bb custom_padding=\u00bb23px||||false|false\u00bb animation_style=\u00bbfade\u00bb animation_delay=\u00bb100ms\u00bb animation_starting_opacity=\u00bb2%\u00bb title_font_size_tablet=\u00bb\u00bb title_font_size_phone=\u00bb25px\u00bb title_font_size_last_edited=\u00bbon|phone\u00bb global_colors_info=\u00bb{}\u00bb][\/et_pb_heading][\/et_pb_column_inner][\/et_pb_row_inner][et_pb_row_inner _builder_version=\u00bb4.22.2&#8243; _module_preset=\u00bbdefault\u00bb custom_margin=\u00bb-8px|||||\u00bb custom_padding=\u00bb7px||0px|||\u00bb global_colors_info=\u00bb{}\u00bb][et_pb_column_inner saved_specialty_column_type=\u00bb1_2&#8243; _builder_version=\u00bb4.22.2&#8243; _module_preset=\u00bbdefault\u00bb global_colors_info=\u00bb{}\u00bb][et_pb_divider divider_weight=\u00bb3px\u00bb _builder_version=\u00bb4.22.2&#8243; _module_preset=\u00bbdefault\u00bb width=\u00bb24rem\u00bb width_tablet=\u00bb24rem\u00bb width_phone=\u00bb95%\u00bb width_last_edited=\u00bbon|phone\u00bb module_alignment=\u00bbcenter\u00bb custom_padding=\u00bb0px||||false|false\u00bb global_colors_info=\u00bb{}\u00bb][\/et_pb_divider][\/et_pb_column_inner][\/et_pb_row_inner][et_pb_row_inner _builder_version=\u00bb4.22.2&#8243; _module_preset=\u00bbdefault\u00bb custom_padding=\u00bb8px|||||\u00bb global_colors_info=\u00bb{}\u00bb][et_pb_column_inner saved_specialty_column_type=\u00bb1_2&#8243; _builder_version=\u00bb4.22.2&#8243; _module_preset=\u00bbdefault\u00bb global_colors_info=\u00bb{}\u00bb][et_pb_text _builder_version=\u00bb4.22.2&#8243; _module_preset=\u00bbdefault\u00bb text_font=\u00bbMontserrat||||||||\u00bb text_text_color=\u00bb#3374AF\u00bb text_font_size=\u00bb15px\u00bb text_letter_spacing=\u00bb1px\u00bb text_line_height=\u00bb1.8em\u00bb text_orientation=\u00bbjustified\u00bb custom_margin=\u00bb-9px|||||\u00bb custom_padding=\u00bb|18px|||false|false\u00bb animation_style=\u00bbfade\u00bb animation_delay=\u00bb50ms\u00bb animation_starting_opacity=\u00bb1%\u00bb text_orientation_tablet=\u00bbjustified\u00bb text_orientation_phone=\u00bbjustified\u00bb text_orientation_last_edited=\u00bbon|phone\u00bb global_colors_info=\u00bb{}\u00bb]<\/p>\n<p><span>Graduado de Medico y Cirujano en la Universidad de San Carlos de Guatemala. Especialidad en Neurocirug\u00eda, Hospital General de M\u00e9xico-UNAM. Subespecialidad en Neurocirug\u00eda Funcional, Radiocirug\u00eda, Estereotaxia (Cirugia de Epilepsia, Parkinson, Dolor, Colocaci\u00f3n de neuroestimulador cerebral, Biopsia cerebral guiada por estereotaxia en Hospital General de M\u00e9xico-UNAM. Subespecialidad en Cirug\u00eda de Columna Vertebral en Centro Nacional de Rehabilitaci\u00f3n de M\u00e9xico-UNAM.<\/span><\/p>\n<p>[\/et_pb_text][\/et_pb_column_inner][\/et_pb_row_inner][\/et_pb_column][\/et_pb_section][et_pb_section fb_built=\u00bb1&#8243; specialty=\u00bbon\u00bb _builder_version=\u00bb4.22.2&#8243; _module_preset=\u00bbdefault\u00bb background_color=\u00bb#efefef\u00bb global_colors_info=\u00bb{}\u00bb][et_pb_column type=\u00bb1_2&#8243; specialty_columns=\u00bb2&#8243; _builder_version=\u00bb4.16&#8243; custom_padding=\u00bb|||\u00bb global_colors_info=\u00bb{}\u00bb custom_padding__hover=\u00bb|||\u00bb][et_pb_row_inner _builder_version=\u00bb4.22.2&#8243; _module_preset=\u00bbdefault\u00bb custom_padding=\u00bb15px|||||\u00bb global_colors_info=\u00bb{}\u00bb][et_pb_column_inner saved_specialty_column_type=\u00bb1_2&#8243; _builder_version=\u00bb4.22.2&#8243; _module_preset=\u00bbdefault\u00bb global_colors_info=\u00bb{}\u00bb][et_pb_heading title=\u00bbEXPERIENCIA\u00bb _builder_version=\u00bb4.22.2&#8243; _module_preset=\u00bbdefault\u00bb title_font=\u00bbMontserrat|800||on|||||\u00bb title_text_align=\u00bbcenter\u00bb title_text_color=\u00bb#3374AF\u00bb title_letter_spacing=\u00bb2px\u00bb title_line_height=\u00bb1.1em\u00bb custom_margin=\u00bb||-43px|||\u00bb custom_padding=\u00bb23px||0px||false|false\u00bb title_font_size_tablet=\u00bb\u00bb title_font_size_phone=\u00bb25px\u00bb title_font_size_last_edited=\u00bbon|phone\u00bb global_colors_info=\u00bb{}\u00bb][\/et_pb_heading][\/et_pb_column_inner][\/et_pb_row_inner][et_pb_row_inner _builder_version=\u00bb4.22.2&#8243; _module_preset=\u00bbdefault\u00bb custom_padding=\u00bb10px||0px|||\u00bb global_colors_info=\u00bb{}\u00bb][et_pb_column_inner saved_specialty_column_type=\u00bb1_2&#8243; _builder_version=\u00bb4.22.2&#8243; _module_preset=\u00bbdefault\u00bb global_colors_info=\u00bb{}\u00bb][et_pb_divider divider_weight=\u00bb3px\u00bb _builder_version=\u00bb4.22.2&#8243; _module_preset=\u00bbdefault\u00bb width=\u00bb18rem\u00bb width_tablet=\u00bb42%\u00bb width_phone=\u00bb68%\u00bb width_last_edited=\u00bbon|phone\u00bb module_alignment=\u00bbcenter\u00bb custom_padding=\u00bb0px||||false|false\u00bb global_colors_info=\u00bb{}\u00bb][\/et_pb_divider][\/et_pb_column_inner][\/et_pb_row_inner][et_pb_row_inner _builder_version=\u00bb4.22.2&#8243; _module_preset=\u00bbdefault\u00bb custom_margin=\u00bb-20px|||||\u00bb global_colors_info=\u00bb{}\u00bb][et_pb_column_inner saved_specialty_column_type=\u00bb1_2&#8243; _builder_version=\u00bb4.22.2&#8243; _module_preset=\u00bbdefault\u00bb global_colors_info=\u00bb{}\u00bb][et_pb_text _builder_version=\u00bb4.22.2&#8243; _module_preset=\u00bbdefault\u00bb text_font=\u00bbMontserrat||||||||\u00bb text_text_color=\u00bb#3374AF\u00bb text_font_size=\u00bb15px\u00bb text_letter_spacing=\u00bb1px\u00bb text_line_height=\u00bb1.8em\u00bb text_orientation=\u00bbjustified\u00bb custom_margin=\u00bb-9px|||||\u00bb custom_padding=\u00bb|18px|||false|false\u00bb text_orientation_tablet=\u00bb\u00bb text_orientation_phone=\u00bbjustified\u00bb text_orientation_last_edited=\u00bbon|phone\u00bb global_colors_info=\u00bb{}\u00bb]<\/p>\n<p><span>Jefe fundador de Neurocirug\u00eda del Karl Heusner Memorial Hospital de Belize. Jefe de Servicio de Neurocirug\u00eda de Ni\u00f1os y Adultos del Hospital General San Juan de Dios de Guatemala(HGSJD). Profesor de Postgrado de Neurocirug\u00eda en HGSJD de la Universidad de San Carlos de Guatemala (USAC). Profesor Asociado de Neurolog\u00eda en HGSJD de la USAC. Miembro de: World Federation Of Neurosurgical Societies, Federaci\u00f3n Latinoamericana de Neurocirug\u00eda, Asociaci\u00f3n Internacional Cirug\u00eda de Columna AOSPINE, Asociaci\u00f3n Mexicana de Cirujanos de Columna, Asociaci\u00f3n Centroamericana de Neurocirug\u00eda ASOCAN, Asociaci\u00f3n Guatemalteca de Cirug\u00eda Neurol\u00f3gica.<\/span><\/p>\n<p>[\/et_pb_text][\/et_pb_column_inner][\/et_pb_row_inner][\/et_pb_column][et_pb_column type=\u00bb1_2&#8243; _builder_version=\u00bb4.16&#8243; custom_padding=\u00bb|||\u00bb global_colors_info=\u00bb{}\u00bb custom_padding__hover=\u00bb|||\u00bb][et_pb_blurb _builder_version=\u00bb4.22.2&#8243; _module_preset=\u00bbdefault\u00bb background_color=\u00bb#efefef\u00bb background_image=\u00bbhttps:\/\/drgiovannilara.com\/wp-content\/uploads\/2023\/11\/Webpage-biografia-2-1.png\u00bb width=\u00bb100%\u00bb min_height=\u00bb350px\u00bb min_height_tablet=\u00bb350px\u00bb min_height_phone=\u00bb250px\u00bb min_height_last_edited=\u00bbon|phone\u00bb custom_margin=\u00bb15px|15px|15px|15px|false|false\u00bb border_width_all=\u00bb15px\u00bb border_color_all=\u00bb#FFFFFF\u00bb global_colors_info=\u00bb{}\u00bb][\/et_pb_blurb][\/et_pb_column][\/et_pb_section]<\/p>\n","protected":false},"excerpt":{"rendered":"<p>Graduado de Medico y Cirujano en la Universidad de San Carlos de Guatemala. Especialidad en Neurocirug\u00eda, Hospital General de M\u00e9xico-UNAM. Subespecialidad en Neurocirug\u00eda Funcional, Radiocirug\u00eda, Estereotaxia (Cirugia de Epilepsia, Parkinson, Dolor, Colocaci\u00f3n de neuroestimulador cerebral, Biopsia cerebral guiada por estereotaxia en Hospital General de M\u00e9xico-UNAM. Subespecialidad en Cirug\u00eda de Columna Vertebral en Centro Nacional de [&hellip;]<\/p>\n","protected":false},"author":1,"featured_media":0,"parent":0,"menu_order":0,"comment_status":"closed","ping_status":"closed","template":"","meta":{"_et_pb_use_builder":"on","_et_pb_old_content":"","_et_gb_content_width":"","footnotes":""},"_links":{"self":[{"href":"https:\/\/drgiovannilara.com\/index.php\/wp-json\/wp\/v2\/pages\/18"}],"collection":[{"href":"https:\/\/drgiovannilara.com\/index.php\/wp-json\/wp\/v2\/pages"}],"about":[{"href":"https:\/\/drgiovannilara.com\/index.php\/wp-json\/wp\/v2\/types\/page"}],"author":[{"embeddable":true,"href":"https:\/\/drgiovannilara.com\/index.php\/wp-json\/wp\/v2\/users\/1"}],"replies":[{"embeddable":true,"href":"https:\/\/drgiovannilara.com\/index.php\/wp-json\/wp\/v2\/comments?post=18"}],"version-history":[{"count":25,"href":"https:\/\/drgiovannilara.com\/index.php\/wp-json\/wp\/v2\/pages\/18\/revisions"}],"predecessor-version":[{"id":1273,"href":"https:\/\/drgiovannilara.com\/index.php\/wp-json\/wp\/v2\/pages\/18\/revisions\/1273"}],"wp:attachment":[{"href":"https:\/\/drgiovannilara.com\/index.php\/wp-json\/wp\/v2\/media?parent=18"}],"curies":[{"name":"wp","href":"https:\/\/api.w.org\/{rel}","templated":true}]}}

Biografía

<p>[et_pb_section fb_built=»1&#8243; fullwidth=»on» _builder_version=»4.22.2&#8243; _module_preset=»default» background_image=»https://drgiovannilara.com/wp-content/uploads/2023/11/Webpage-Biografia-4.png» parallax=»on» height=»17rem» global_colors_info=»{}»][et_pb_fullwidth_post_title meta=»off» text_color=»light» _builder_version=»4.22.2&#8243; _module_preset=»default» title_font=»Montserrat|700||on|||||» title_text_align=»center» title_font_size=»30px» title_letter_spacing=»2px» text_orientation=»center» custom_margin=»||||false|false» custom_padding=»118px||||false|false» text_shadow_style=»preset3&#8243; text_shadow_vertical_length=»-0.01em» text_shadow_blur_strength=»0.31em» global_colors_info=»{}»][/et_pb_fullwidth_post_title][/et_pb_section][et_pb_section fb_built=»1&#8243; specialty=»on» _builder_version=»4.22.2&#8243; _module_preset=»default» global_colors_info=»{}»][et_pb_column type=»1_2&#8243; _builder_version=»4.16&#8243; custom_padding=»|||» global_colors_info=»{}» custom_padding__hover=»|||»][et_pb_blurb _builder_version=»4.22.2&#8243; _module_preset=»default» background_color=»#efefef» background_image=»https://drgiovannilara.com/wp-content/uploads/2023/12/Webpage-Biografia-5-1.png» width=»100%» min_height=»350px» min_height_tablet=»350px» min_height_phone=»250px» min_height_last_edited=»on|tablet» custom_margin=»15px|15px|15px|15px|false|false» border_width_all=»15px» border_color_all=»#efefef» global_colors_info=»{}»][/et_pb_blurb][/et_pb_column][et_pb_column type=»1_2&#8243; specialty_columns=»2&#8243; _builder_version=»4.16&#8243; custom_padding=»|||» global_colors_info=»{}» custom_padding__hover=»|||»][et_pb_row_inner custom_padding_last_edited=»on|phone» _builder_version=»4.22.2&#8243; _module_preset=»default» custom_padding=»35px|||||» custom_padding_tablet=»0px||||false|false» custom_padding_phone=»0px||||false|false» animation_style=»zoom» animation_duration=»200ms» animation_delay=»50ms» animation_intensity_zoom=»6%» animation_starting_opacity=»2%» animation_speed_curve=»ease-in» global_colors_info=»{}»][et_pb_column_inner saved_specialty_column_type=»1_2&#8243; _builder_version=»4.22.2&#8243; _module_preset=»default» global_colors_info=»{}»][et_pb_heading title=»Dr. Giovanni Lara» _builder_version=»4.22.2&#8243; _module_preset=»default» title_font=»Montserrat|800||on|||||» title_text_align=»center» title_text_color=»#3374AF» title_letter_spacing=»2px» title_line_height=»1.1em» custom_margin=»||-29px|||» custom_padding=»23px||||false|false» animation_style=»fade» animation_delay=»100ms» animation_starting_opacity=»2%» title_font_size_tablet=»» title_font_size_phone=»25px» title_font_size_last_edited=»on|phone» global_colors_info=»{}»][/et_pb_heading][/et_pb_column_inner][/et_pb_row_inner][et_pb_row_inner _builder_version=»4.22.2&#8243; _module_preset=»default» custom_margin=»-8px|||||» custom_padding=»7px||0px|||» global_colors_info=»{}»][et_pb_column_inner saved_specialty_column_type=»1_2&#8243; _builder_version=»4.22.2&#8243; _module_preset=»default» global_colors_info=»{}»][et_pb_divider divider_weight=»3px» _builder_version=»4.22.2&#8243; _module_preset=»default» width=»24rem» width_tablet=»24rem» width_phone=»95%» width_last_edited=»on|phone» module_alignment=»center» custom_padding=»0px||||false|false» global_colors_info=»{}»][/et_pb_divider][/et_pb_column_inner][/et_pb_row_inner][et_pb_row_inner _builder_version=»4.22.2&#8243; _module_preset=»default» custom_padding=»8px|||||» global_colors_info=»{}»][et_pb_column_inner saved_specialty_column_type=»1_2&#8243; _builder_version=»4.22.2&#8243; _module_preset=»default» global_colors_info=»{}»][et_pb_text _builder_version=»4.22.2&#8243; _module_preset=»default» text_font=»Montserrat||||||||» text_text_color=»#3374AF» text_font_size=»15px» text_letter_spacing=»1px» text_line_height=»1.8em» text_orientation=»justified» custom_margin=»-9px|||||» custom_padding=»|18px|||false|false» animation_style=»fade» animation_delay=»50ms» animation_starting_opacity=»1%» text_orientation_tablet=»justified» text_orientation_phone=»justified» text_orientation_last_edited=»on|phone» global_colors_info=»{}»]</p>
<p><span>Graduado de Medico y Cirujano en la Universidad de San Carlos de Guatemala. Especialidad en Neurocirugía, Hospital General de México-UNAM. Subespecialidad en Neurocirugía Funcional, Radiocirugía, Estereotaxia (Cirugia de Epilepsia, Parkinson, Dolor, Colocación de neuroestimulador cerebral, Biopsia cerebral guiada por estereotaxia en Hospital General de México-UNAM. Subespecialidad en Cirugía de Columna Vertebral en Centro Nacional de Rehabilitación de México-UNAM.</span></p>
<p>[/et_pb_text][/et_pb_column_inner][/et_pb_row_inner][/et_pb_column][/et_pb_section][et_pb_section fb_built=»1&#8243; specialty=»on» _builder_version=»4.22.2&#8243; _module_preset=»default» background_color=»#efefef» global_colors_info=»{}»][et_pb_column type=»1_2&#8243; specialty_columns=»2&#8243; _builder_version=»4.16&#8243; custom_padding=»|||» global_colors_info=»{}» custom_padding__hover=»|||»][et_pb_row_inner _builder_version=»4.22.2&#8243; _module_preset=»default» custom_padding=»15px|||||» global_colors_info=»{}»][et_pb_column_inner saved_specialty_column_type=»1_2&#8243; _builder_version=»4.22.2&#8243; _module_preset=»default» global_colors_info=»{}»][et_pb_heading title=»EXPERIENCIA» _builder_version=»4.22.2&#8243; _module_preset=»default» title_font=»Montserrat|800||on|||||» title_text_align=»center» title_text_color=»#3374AF» title_letter_spacing=»2px» title_line_height=»1.1em» custom_margin=»||-43px|||» custom_padding=»23px||0px||false|false» title_font_size_tablet=»» title_font_size_phone=»25px» title_font_size_last_edited=»on|phone» global_colors_info=»{}»][/et_pb_heading][/et_pb_column_inner][/et_pb_row_inner][et_pb_row_inner _builder_version=»4.22.2&#8243; _module_preset=»default» custom_padding=»10px||0px|||» global_colors_info=»{}»][et_pb_column_inner saved_specialty_column_type=»1_2&#8243; _builder_version=»4.22.2&#8243; _module_preset=»default» global_colors_info=»{}»][et_pb_divider divider_weight=»3px» _builder_version=»4.22.2&#8243; _module_preset=»default» width=»18rem» width_tablet=»42%» width_phone=»68%» width_last_edited=»on|phone» module_alignment=»center» custom_padding=»0px||||false|false» global_colors_info=»{}»][/et_pb_divider][/et_pb_column_inner][/et_pb_row_inner][et_pb_row_inner _builder_version=»4.22.2&#8243; _module_preset=»default» custom_margin=»-20px|||||» global_colors_info=»{}»][et_pb_column_inner saved_specialty_column_type=»1_2&#8243; _builder_version=»4.22.2&#8243; _module_preset=»default» global_colors_info=»{}»][et_pb_text _builder_version=»4.22.2&#8243; _module_preset=»default» text_font=»Montserrat||||||||» text_text_color=»#3374AF» text_font_size=»15px» text_letter_spacing=»1px» text_line_height=»1.8em» text_orientation=»justified» custom_margin=»-9px|||||» custom_padding=»|18px|||false|false» text_orientation_tablet=»» text_orientation_phone=»justified» text_orientation_last_edited=»on|phone» global_colors_info=»{}»]</p>
<p><span>Jefe fundador de Neurocirugía del Karl Heusner Memorial Hospital de Belize. Jefe de Servicio de Neurocirugía de Niños y Adultos del Hospital General San Juan de Dios de Guatemala(HGSJD). Profesor de Postgrado de Neurocirugía en HGSJD de la Universidad de San Carlos de Guatemala (USAC). Profesor Asociado de Neurología en HGSJD de la USAC. Miembro de: World Federation Of Neurosurgical Societies, Federación Latinoamericana de Neurocirugía, Asociación Internacional Cirugía de Columna AOSPINE, Asociación Mexicana de Cirujanos de Columna, Asociación Centroamericana de Neurocirugía ASOCAN, Asociación Guatemalteca de Cirugía Neurológica.</span></p>
<p>[/et_pb_text][/et_pb_column_inner][/et_pb_row_inner][/et_pb_column][et_pb_column type=»1_2&#8243; _builder_version=»4.16&#8243; custom_padding=»|||» global_colors_info=»{}» custom_padding__hover=»|||»][et_pb_blurb _builder_version=»4.22.2&#8243; _module_preset=»default» background_color=»#efefef» background_image=»https://drgiovannilara.com/wp-content/uploads/2023/11/Webpage-biografia-2-1.png» width=»100%» min_height=»350px» min_height_tablet=»350px» min_height_phone=»250px» min_height_last_edited=»on|phone» custom_margin=»15px|15px|15px|15px|false|false» border_width_all=»15px» border_color_all=»#FFFFFF» global_colors_info=»{}»][/et_pb_blurb][/et_pb_column][/et_pb_section]</p>

<p>Graduado de Medico y Cirujano en la Universidad de San Carlos de Guatemala. Especialidad en Neurocirugía, Hospital General de México-UNAM. Subespecialidad en Neurocirugía Funcional, Radiocirugía, Estereotaxia (Cirugia de Epilepsia, Parkinson, Dolor, Colocación de neuroestimulador cerebral, Biopsia cerebral guiada por estereotaxia en Hospital General de México-UNAM. Subespecialidad en Cirugía de Columna Vertebral en Centro Nacional de [&hellip;]</p>
